{"id":1226,"date":"2020-04-17T13:02:41","date_gmt":"2020-04-17T11:02:41","guid":{"rendered":"https:\/\/www.nettbutikk-tmu.no\/ast\/?page_id=1226"},"modified":"2022-05-03T09:24:19","modified_gmt":"2022-05-03T07:24:19","slug":"tidsfrister","status":"publish","type":"page","link":"https:\/\/www.nettbutikk-tmu.no\/ast\/tidsfrister\/","title":{"rendered":"Tidsfrister"},"content":{"rendered":"\n\t<h3>Viktig informasjon vedr\u00f8rende tidsfrister<\/h3>\n<p>Noen av messene kan operere med tidsfrister for bestilling. Det blir da lagt p\u00e5 et gebyr ved for sen bestilling. Prisene oppgitt i nettbutikken er standardpriser, uten ekstra gebyr.<\/p>\n<p>Har en g\u00e5tt over tidsfristen blir gebyret lagt til p\u00e5 totalsummen ved ut-sjekk i kassen og er ikke synlig p\u00e5 produktsidene.<\/p>\n<p>For sp\u00f8rsm\u00e5l vedr\u00f8rende tidsfrister ta kontakt\u00a0p\u00e5 telefon <a href=\"tel:917 46 474\">+47 917 46 474<\/a> eller e-post <a href=\"mailto:post@ast.as\">post@ast.as<\/a><\/p>\n","protected":false},"excerpt":{"rendered":"<p>Viktig informasjon vedr\u00f8rende tidsfrister Noen av messene kan operere med tidsfrister for bestilling. Det blir da lagt p\u00e5 et gebyr ved for sen bestilling. Prisene oppgitt i nettbutikken er standardpriser, uten ekstra gebyr. Har en g\u00e5tt over tidsfristen blir gebyret lagt til p\u00e5 totalsummen ved ut-sjekk i kassen og er ikke synlig p\u00e5 produktsidene. For [&hellip;]<\/p>\n","protected":false},"author":1,"featured_media":0,"parent":0,"menu_order":0,"comment_status":"closed","ping_status":"closed","template":"","meta":{"_acf_changed":false,"footnotes":""},"class_list":["post-1226","page","type-page","status-publish","hentry"],"acf":[],"yoast_head":"<!-- This site is optimized with the Yoast SEO plugin v27.5 - https:\/\/yoast.com\/product\/yoast-seo-wordpress\/ -->\n<title>Tidsfrister - Arena Service Team<\/title>\n<meta name=\"robots\" content=\"index, follow, max-snippet:-1, max-image-preview:large, max-video-preview:-1\" \/>\n<link rel=\"canonical\" href=\"https:\/\/www.nettbutikk-tmu.no\/ast\/tidsfrister\/\" \/>\n<meta property=\"og:locale\" content=\"nb_NO\" \/>\n<meta property=\"og:type\" content=\"article\" \/>\n<meta property=\"og:title\" content=\"Tidsfrister - Arena Service Team\" \/>\n<meta property=\"og:description\" content=\"Viktig informasjon vedr\u00f8rende tidsfrister Noen av messene kan operere med tidsfrister for bestilling. Det blir da lagt p\u00e5 et gebyr ved for sen bestilling. Prisene oppgitt i nettbutikken er standardpriser, uten ekstra gebyr. Har en g\u00e5tt over tidsfristen blir gebyret lagt til p\u00e5 totalsummen ved ut-sjekk i kassen og er ikke synlig p\u00e5 produktsidene. For [&hellip;]\" \/>\n<meta property=\"og:url\" content=\"https:\/\/www.nettbutikk-tmu.no\/ast\/tidsfrister\/\" \/>\n<meta property=\"og:site_name\" content=\"Arena Service Team\" \/>\n<meta property=\"article:modified_time\" content=\"2022-05-03T07:24:19+00:00\" \/>\n<meta name=\"twitter:card\" content=\"summary_large_image\" \/>\n<script type=\"application\/ld+json\" class=\"yoast-schema-graph\">{\"@context\":\"https:\\\/\\\/schema.org\",\"@graph\":[{\"@type\":\"WebPage\",\"@id\":\"https:\\\/\\\/www.nettbutikk-tmu.no\\\/ast\\\/tidsfrister\\\/\",\"url\":\"https:\\\/\\\/www.nettbutikk-tmu.no\\\/ast\\\/tidsfrister\\\/\",\"name\":\"Tidsfrister - Arena Service Team\",\"isPartOf\":{\"@id\":\"https:\\\/\\\/www.nettbutikk-tmu.no\\\/ast\\\/#website\"},\"datePublished\":\"2020-04-17T11:02:41+00:00\",\"dateModified\":\"2022-05-03T07:24:19+00:00\",\"breadcrumb\":{\"@id\":\"https:\\\/\\\/www.nettbutikk-tmu.no\\\/ast\\\/tidsfrister\\\/#breadcrumb\"},\"inLanguage\":\"nb-NO\",\"potentialAction\":[{\"@type\":\"ReadAction\",\"target\":[\"https:\\\/\\\/www.nettbutikk-tmu.no\\\/ast\\\/tidsfrister\\\/\"]}]},{\"@type\":\"BreadcrumbList\",\"@id\":\"https:\\\/\\\/www.nettbutikk-tmu.no\\\/ast\\\/tidsfrister\\\/#breadcrumb\",\"itemListElement\":[{\"@type\":\"ListItem\",\"position\":1,\"name\":\"Hjem\",\"item\":\"https:\\\/\\\/www.nettbutikk-tmu.no\\\/ast\\\/\"},{\"@type\":\"ListItem\",\"position\":2,\"name\":\"Tidsfrister\"}]},{\"@type\":\"WebSite\",\"@id\":\"https:\\\/\\\/www.nettbutikk-tmu.no\\\/ast\\\/#website\",\"url\":\"https:\\\/\\\/www.nettbutikk-tmu.no\\\/ast\\\/\",\"name\":\"Arena Service Team\",\"description\":\"Messer og event\",\"publisher\":{\"@id\":\"https:\\\/\\\/www.nettbutikk-tmu.no\\\/ast\\\/#organization\"},\"potentialAction\":[{\"@type\":\"SearchAction\",\"target\":{\"@type\":\"EntryPoint\",\"urlTemplate\":\"https:\\\/\\\/www.nettbutikk-tmu.no\\\/ast\\\/?s={search_term_string}\"},\"query-input\":{\"@type\":\"PropertyValueSpecification\",\"valueRequired\":true,\"valueName\":\"search_term_string\"}}],\"inLanguage\":\"nb-NO\"},{\"@type\":\"Organization\",\"@id\":\"https:\\\/\\\/www.nettbutikk-tmu.no\\\/ast\\\/#organization\",\"name\":\"Arena Service Team\",\"url\":\"https:\\\/\\\/www.nettbutikk-tmu.no\\\/ast\\\/\",\"logo\":{\"@type\":\"ImageObject\",\"inLanguage\":\"nb-NO\",\"@id\":\"https:\\\/\\\/www.nettbutikk-tmu.no\\\/ast\\\/#\\\/schema\\\/logo\\\/image\\\/\",\"url\":\"https:\\\/\\\/www.nettbutikk-tmu.no\\\/ast\\\/wp-content\\\/uploads\\\/sites\\\/7\\\/2025\\\/07\\\/cropped-AST_logo_liggende-blaa-scaled-2.png\",\"contentUrl\":\"https:\\\/\\\/www.nettbutikk-tmu.no\\\/ast\\\/wp-content\\\/uploads\\\/sites\\\/7\\\/2025\\\/07\\\/cropped-AST_logo_liggende-blaa-scaled-2.png\",\"width\":2560,\"height\":512,\"caption\":\"Arena Service Team\"},\"image\":{\"@id\":\"https:\\\/\\\/www.nettbutikk-tmu.no\\\/ast\\\/#\\\/schema\\\/logo\\\/image\\\/\"}}]}<\/script>\n<!-- \/ Yoast SEO plugin. -->","yoast_head_json":{"title":"Tidsfrister - Arena Service Team","robots":{"index":"index","follow":"follow","max-snippet":"max-snippet:-1","max-image-preview":"max-image-preview:large","max-video-preview":"max-video-preview:-1"},"canonical":"https:\/\/www.nettbutikk-tmu.no\/ast\/tidsfrister\/","og_locale":"nb_NO","og_type":"article","og_title":"Tidsfrister - Arena Service Team","og_description":"Viktig informasjon vedr\u00f8rende tidsfrister Noen av messene kan operere med tidsfrister for bestilling. Det blir da lagt p\u00e5 et gebyr ved for sen bestilling. Prisene oppgitt i nettbutikken er standardpriser, uten ekstra gebyr. Har en g\u00e5tt over tidsfristen blir gebyret lagt til p\u00e5 totalsummen ved ut-sjekk i kassen og er ikke synlig p\u00e5 produktsidene. For [&hellip;]","og_url":"https:\/\/www.nettbutikk-tmu.no\/ast\/tidsfrister\/","og_site_name":"Arena Service Team","article_modified_time":"2022-05-03T07:24:19+00:00","twitter_card":"summary_large_image","schema":{"@context":"https:\/\/schema.org","@graph":[{"@type":"WebPage","@id":"https:\/\/www.nettbutikk-tmu.no\/ast\/tidsfrister\/","url":"https:\/\/www.nettbutikk-tmu.no\/ast\/tidsfrister\/","name":"Tidsfrister - Arena Service Team","isPartOf":{"@id":"https:\/\/www.nettbutikk-tmu.no\/ast\/#website"},"datePublished":"2020-04-17T11:02:41+00:00","dateModified":"2022-05-03T07:24:19+00:00","breadcrumb":{"@id":"https:\/\/www.nettbutikk-tmu.no\/ast\/tidsfrister\/#breadcrumb"},"inLanguage":"nb-NO","potentialAction":[{"@type":"ReadAction","target":["https:\/\/www.nettbutikk-tmu.no\/ast\/tidsfrister\/"]}]},{"@type":"BreadcrumbList","@id":"https:\/\/www.nettbutikk-tmu.no\/ast\/tidsfrister\/#breadcrumb","itemListElement":[{"@type":"ListItem","position":1,"name":"Hjem","item":"https:\/\/www.nettbutikk-tmu.no\/ast\/"},{"@type":"ListItem","position":2,"name":"Tidsfrister"}]},{"@type":"WebSite","@id":"https:\/\/www.nettbutikk-tmu.no\/ast\/#website","url":"https:\/\/www.nettbutikk-tmu.no\/ast\/","name":"Arena Service Team","description":"Messer og event","publisher":{"@id":"https:\/\/www.nettbutikk-tmu.no\/ast\/#organization"},"potentialAction":[{"@type":"SearchAction","target":{"@type":"EntryPoint","urlTemplate":"https:\/\/www.nettbutikk-tmu.no\/ast\/?s={search_term_string}"},"query-input":{"@type":"PropertyValueSpecification","valueRequired":true,"valueName":"search_term_string"}}],"inLanguage":"nb-NO"},{"@type":"Organization","@id":"https:\/\/www.nettbutikk-tmu.no\/ast\/#organization","name":"Arena Service Team","url":"https:\/\/www.nettbutikk-tmu.no\/ast\/","logo":{"@type":"ImageObject","inLanguage":"nb-NO","@id":"https:\/\/www.nettbutikk-tmu.no\/ast\/#\/schema\/logo\/image\/","url":"https:\/\/www.nettbutikk-tmu.no\/ast\/wp-content\/uploads\/sites\/7\/2025\/07\/cropped-AST_logo_liggende-blaa-scaled-2.png","contentUrl":"https:\/\/www.nettbutikk-tmu.no\/ast\/wp-content\/uploads\/sites\/7\/2025\/07\/cropped-AST_logo_liggende-blaa-scaled-2.png","width":2560,"height":512,"caption":"Arena Service Team"},"image":{"@id":"https:\/\/www.nettbutikk-tmu.no\/ast\/#\/schema\/logo\/image\/"}}]}},"lang":"nb","translations":{"nb":1226,"en":1229},"featured_image_src":null,"featured_image_src_square":null,"pll_sync_post":[],"_links":{"self":[{"href":"https:\/\/www.nettbutikk-tmu.no\/ast\/wp-json\/wp\/v2\/pages\/1226","targetHints":{"allow":["GET"]}}],"collection":[{"href":"https:\/\/www.nettbutikk-tmu.no\/ast\/wp-json\/wp\/v2\/pages"}],"about":[{"href":"https:\/\/www.nettbutikk-tmu.no\/ast\/wp-json\/wp\/v2\/types\/page"}],"author":[{"embeddable":true,"href":"https:\/\/www.nettbutikk-tmu.no\/ast\/wp-json\/wp\/v2\/users\/1"}],"replies":[{"embeddable":true,"href":"https:\/\/www.nettbutikk-tmu.no\/ast\/wp-json\/wp\/v2\/comments?post=1226"}],"version-history":[{"count":8,"href":"https:\/\/www.nettbutikk-tmu.no\/ast\/wp-json\/wp\/v2\/pages\/1226\/revisions"}],"predecessor-version":[{"id":2957,"href":"https:\/\/www.nettbutikk-tmu.no\/ast\/wp-json\/wp\/v2\/pages\/1226\/revisions\/2957"}],"wp:attachment":[{"href":"https:\/\/www.nettbutikk-tmu.no\/ast\/wp-json\/wp\/v2\/media?parent=1226"}],"curies":[{"name":"wp","href":"https:\/\/api.w.org\/{rel}","templated":true}]}}