{"id":678,"date":"2019-03-12T15:45:24","date_gmt":"2019-03-12T14:45:24","guid":{"rendered":"https:\/\/www.nettbutikk-tmu.no\/bergenexpo\/?page_id=678"},"modified":"2025-11-21T13:11:38","modified_gmt":"2025-11-21T12:11:38","slug":"om-oss","status":"publish","type":"page","link":"https:\/\/www.nettbutikk-tmu.no\/bergenexpo\/om-oss\/","title":{"rendered":"Om oss"},"content":{"rendered":"\n<h2 class=\"wp-block-heading\">Vi er en total utstyrsleverand\u00f8r til messer og arrangementer p\u00e5 vestlandet.\u00a0<\/h2>\n\n\n\n<p>Selskapenes lange erfaring og kompetanse gjennom mange \u00e5r og gir deg som arrang\u00f8r n\u00f8dvendig trygghet for at nettopp ditt arrangement lever opp til forventningene.<\/p>\n\n\n\n<p>Vi samarbeider tett med \u00a0Aksell p\u00e5 tjenester innen print, dekor og grafiske tjenester.<\/p>\n\n\n\n<p><a href=\"http:\/\/www.aksell.no\/\">www.aksell.no<\/a><\/p>\n\n\n\n<p>Jippie AS er v\u00e5r partner p\u00e5 partytelt og tilbeh\u00f8r.<\/p>\n\n\n\n<p><a href=\"http:\/\/www.jippie.no\/\">www.jippie.no<\/a><\/p>\n\n\n\n<p>Les mer p\u00e5 <a href=\"https:\/\/www.bergenexpo.net\">bergenexpo.net<\/a><\/p>\n","protected":false},"excerpt":{"rendered":"<p>Vi er en total utstyrsleverand\u00f8r til messer og arrangementer p\u00e5 vestlandet.\u00a0 Selskapenes lange erfaring og kompetanse gjennom mange \u00e5r og gir deg som arrang\u00f8r n\u00f8dvendig trygghet for at nettopp ditt arrangement lever opp til forventningene. Vi samarbeider tett med \u00a0Aksell p\u00e5 tjenester innen print, dekor og grafiske tjenester. www.aksell.no Jippie AS er v\u00e5r partner p\u00e5 [&hellip;]<\/p>\n","protected":false},"author":1,"featured_media":0,"parent":0,"menu_order":0,"comment_status":"closed","ping_status":"closed","template":"","meta":{"_acf_changed":false,"footnotes":""},"class_list":["post-678","page","type-page","status-publish","hentry"],"acf":[],"yoast_head":"<!-- This site is optimized with the Yoast SEO plugin v27.5 - https:\/\/yoast.com\/product\/yoast-seo-wordpress\/ -->\n<title>Om oss - Bergen Expo<\/title>\n<meta name=\"robots\" content=\"noindex, follow, max-snippet:-1, max-image-preview:large, max-video-preview:-1\" \/>\n<meta property=\"og:locale\" content=\"nb_NO\" \/>\n<meta property=\"og:type\" content=\"article\" \/>\n<meta property=\"og:title\" content=\"Om oss - Bergen Expo\" \/>\n<meta property=\"og:description\" content=\"Vi er en total utstyrsleverand\u00f8r til messer og arrangementer p\u00e5 vestlandet.\u00a0 Selskapenes lange erfaring og kompetanse gjennom mange \u00e5r og gir deg som arrang\u00f8r n\u00f8dvendig trygghet for at nettopp ditt arrangement lever opp til forventningene. Vi samarbeider tett med \u00a0Aksell p\u00e5 tjenester innen print, dekor og grafiske tjenester. www.aksell.no Jippie AS er v\u00e5r partner p\u00e5 [&hellip;]\" \/>\n<meta property=\"og:url\" content=\"https:\/\/www.nettbutikk-tmu.no\/bergenexpo\/om-oss\/\" \/>\n<meta property=\"og:site_name\" content=\"Bergen Expo\" \/>\n<meta property=\"article:modified_time\" content=\"2025-11-21T12:11:38+00:00\" \/>\n<meta name=\"twitter:card\" content=\"summary_large_image\" \/>\n<meta name=\"twitter:label1\" content=\"Ansl. lesetid\" \/>\n\t<meta name=\"twitter:data1\" content=\"1 minutt\" \/>\n<script type=\"application\/ld+json\" class=\"yoast-schema-graph\">{\"@context\":\"https:\\\/\\\/schema.org\",\"@graph\":[{\"@type\":\"WebPage\",\"@id\":\"https:\\\/\\\/www.nettbutikk-tmu.no\\\/bergenexpo\\\/om-oss\\\/\",\"url\":\"https:\\\/\\\/www.nettbutikk-tmu.no\\\/bergenexpo\\\/om-oss\\\/\",\"name\":\"Om oss - Bergen Expo\",\"isPartOf\":{\"@id\":\"https:\\\/\\\/www.nettbutikk-tmu.no\\\/bergenexpo\\\/#website\"},\"datePublished\":\"2019-03-12T14:45:24+00:00\",\"dateModified\":\"2025-11-21T12:11:38+00:00\",\"breadcrumb\":{\"@id\":\"https:\\\/\\\/www.nettbutikk-tmu.no\\\/bergenexpo\\\/om-oss\\\/#breadcrumb\"},\"inLanguage\":\"nb-NO\",\"potentialAction\":[{\"@type\":\"ReadAction\",\"target\":[\"https:\\\/\\\/www.nettbutikk-tmu.no\\\/bergenexpo\\\/om-oss\\\/\"]}]},{\"@type\":\"BreadcrumbList\",\"@id\":\"https:\\\/\\\/www.nettbutikk-tmu.no\\\/bergenexpo\\\/om-oss\\\/#breadcrumb\",\"itemListElement\":[{\"@type\":\"ListItem\",\"position\":1,\"name\":\"Hjem\",\"item\":\"https:\\\/\\\/www.nettbutikk-tmu.no\\\/bergenexpo\\\/\"},{\"@type\":\"ListItem\",\"position\":2,\"name\":\"Om oss\"}]},{\"@type\":\"WebSite\",\"@id\":\"https:\\\/\\\/www.nettbutikk-tmu.no\\\/bergenexpo\\\/#website\",\"url\":\"https:\\\/\\\/www.nettbutikk-tmu.no\\\/bergenexpo\\\/\",\"name\":\"Bergen Expo\",\"description\":\"\",\"publisher\":{\"@id\":\"https:\\\/\\\/www.nettbutikk-tmu.no\\\/bergenexpo\\\/#organization\"},\"potentialAction\":[{\"@type\":\"SearchAction\",\"target\":{\"@type\":\"EntryPoint\",\"urlTemplate\":\"https:\\\/\\\/www.nettbutikk-tmu.no\\\/bergenexpo\\\/?s={search_term_string}\"},\"query-input\":{\"@type\":\"PropertyValueSpecification\",\"valueRequired\":true,\"valueName\":\"search_term_string\"}}],\"inLanguage\":\"nb-NO\"},{\"@type\":\"Organization\",\"@id\":\"https:\\\/\\\/www.nettbutikk-tmu.no\\\/bergenexpo\\\/#organization\",\"name\":\"Bergen Expo\",\"url\":\"https:\\\/\\\/www.nettbutikk-tmu.no\\\/bergenexpo\\\/\",\"logo\":{\"@type\":\"ImageObject\",\"inLanguage\":\"nb-NO\",\"@id\":\"https:\\\/\\\/www.nettbutikk-tmu.no\\\/bergenexpo\\\/#\\\/schema\\\/logo\\\/image\\\/\",\"url\":\"https:\\\/\\\/www.nettbutikk-tmu.no\\\/bergenexpo\\\/wp-content\\\/uploads\\\/sites\\\/3\\\/2019\\\/03\\\/cropped-bergenexpo.png\",\"contentUrl\":\"https:\\\/\\\/www.nettbutikk-tmu.no\\\/bergenexpo\\\/wp-content\\\/uploads\\\/sites\\\/3\\\/2019\\\/03\\\/cropped-bergenexpo.png\",\"width\":179,\"height\":73,\"caption\":\"Bergen Expo\"},\"image\":{\"@id\":\"https:\\\/\\\/www.nettbutikk-tmu.no\\\/bergenexpo\\\/#\\\/schema\\\/logo\\\/image\\\/\"}}]}<\/script>\n<!-- \/ Yoast SEO plugin. -->","yoast_head_json":{"title":"Om oss - Bergen Expo","robots":{"index":"noindex","follow":"follow","max-snippet":"max-snippet:-1","max-image-preview":"max-image-preview:large","max-video-preview":"max-video-preview:-1"},"og_locale":"nb_NO","og_type":"article","og_title":"Om oss - Bergen Expo","og_description":"Vi er en total utstyrsleverand\u00f8r til messer og arrangementer p\u00e5 vestlandet.\u00a0 Selskapenes lange erfaring og kompetanse gjennom mange \u00e5r og gir deg som arrang\u00f8r n\u00f8dvendig trygghet for at nettopp ditt arrangement lever opp til forventningene. Vi samarbeider tett med \u00a0Aksell p\u00e5 tjenester innen print, dekor og grafiske tjenester. www.aksell.no Jippie AS er v\u00e5r partner p\u00e5 [&hellip;]","og_url":"https:\/\/www.nettbutikk-tmu.no\/bergenexpo\/om-oss\/","og_site_name":"Bergen Expo","article_modified_time":"2025-11-21T12:11:38+00:00","twitter_card":"summary_large_image","twitter_misc":{"Ansl. lesetid":"1 minutt"},"schema":{"@context":"https:\/\/schema.org","@graph":[{"@type":"WebPage","@id":"https:\/\/www.nettbutikk-tmu.no\/bergenexpo\/om-oss\/","url":"https:\/\/www.nettbutikk-tmu.no\/bergenexpo\/om-oss\/","name":"Om oss - Bergen Expo","isPartOf":{"@id":"https:\/\/www.nettbutikk-tmu.no\/bergenexpo\/#website"},"datePublished":"2019-03-12T14:45:24+00:00","dateModified":"2025-11-21T12:11:38+00:00","breadcrumb":{"@id":"https:\/\/www.nettbutikk-tmu.no\/bergenexpo\/om-oss\/#breadcrumb"},"inLanguage":"nb-NO","potentialAction":[{"@type":"ReadAction","target":["https:\/\/www.nettbutikk-tmu.no\/bergenexpo\/om-oss\/"]}]},{"@type":"BreadcrumbList","@id":"https:\/\/www.nettbutikk-tmu.no\/bergenexpo\/om-oss\/#breadcrumb","itemListElement":[{"@type":"ListItem","position":1,"name":"Hjem","item":"https:\/\/www.nettbutikk-tmu.no\/bergenexpo\/"},{"@type":"ListItem","position":2,"name":"Om oss"}]},{"@type":"WebSite","@id":"https:\/\/www.nettbutikk-tmu.no\/bergenexpo\/#website","url":"https:\/\/www.nettbutikk-tmu.no\/bergenexpo\/","name":"Bergen Expo","description":"","publisher":{"@id":"https:\/\/www.nettbutikk-tmu.no\/bergenexpo\/#organization"},"potentialAction":[{"@type":"SearchAction","target":{"@type":"EntryPoint","urlTemplate":"https:\/\/www.nettbutikk-tmu.no\/bergenexpo\/?s={search_term_string}"},"query-input":{"@type":"PropertyValueSpecification","valueRequired":true,"valueName":"search_term_string"}}],"inLanguage":"nb-NO"},{"@type":"Organization","@id":"https:\/\/www.nettbutikk-tmu.no\/bergenexpo\/#organization","name":"Bergen Expo","url":"https:\/\/www.nettbutikk-tmu.no\/bergenexpo\/","logo":{"@type":"ImageObject","inLanguage":"nb-NO","@id":"https:\/\/www.nettbutikk-tmu.no\/bergenexpo\/#\/schema\/logo\/image\/","url":"https:\/\/www.nettbutikk-tmu.no\/bergenexpo\/wp-content\/uploads\/sites\/3\/2019\/03\/cropped-bergenexpo.png","contentUrl":"https:\/\/www.nettbutikk-tmu.no\/bergenexpo\/wp-content\/uploads\/sites\/3\/2019\/03\/cropped-bergenexpo.png","width":179,"height":73,"caption":"Bergen Expo"},"image":{"@id":"https:\/\/www.nettbutikk-tmu.no\/bergenexpo\/#\/schema\/logo\/image\/"}}]}},"lang":"nb","translations":{"nb":678,"en":681},"featured_image_src":null,"featured_image_src_square":null,"pll_sync_post":[],"_links":{"self":[{"href":"https:\/\/www.nettbutikk-tmu.no\/bergenexpo\/wp-json\/wp\/v2\/pages\/678","targetHints":{"allow":["GET"]}}],"collection":[{"href":"https:\/\/www.nettbutikk-tmu.no\/bergenexpo\/wp-json\/wp\/v2\/pages"}],"about":[{"href":"https:\/\/www.nettbutikk-tmu.no\/bergenexpo\/wp-json\/wp\/v2\/types\/page"}],"author":[{"embeddable":true,"href":"https:\/\/www.nettbutikk-tmu.no\/bergenexpo\/wp-json\/wp\/v2\/users\/1"}],"replies":[{"embeddable":true,"href":"https:\/\/www.nettbutikk-tmu.no\/bergenexpo\/wp-json\/wp\/v2\/comments?post=678"}],"version-history":[{"count":11,"href":"https:\/\/www.nettbutikk-tmu.no\/bergenexpo\/wp-json\/wp\/v2\/pages\/678\/revisions"}],"predecessor-version":[{"id":3740,"href":"https:\/\/www.nettbutikk-tmu.no\/bergenexpo\/wp-json\/wp\/v2\/pages\/678\/revisions\/3740"}],"wp:attachment":[{"href":"https:\/\/www.nettbutikk-tmu.no\/bergenexpo\/wp-json\/wp\/v2\/media?parent=678"}],"curies":[{"name":"wp","href":"https:\/\/api.w.org\/{rel}","templated":true}]}}