{"id":967,"date":"2019-03-12T12:32:25","date_gmt":"2019-03-12T12:32:25","guid":{"rendered":"https:\/\/www.nettbutikk-tmu.no\/xmeetingpoint\/?page_id=967"},"modified":"2024-04-24T11:18:45","modified_gmt":"2024-04-24T09:18:45","slug":"om-oss","status":"publish","type":"page","link":"https:\/\/www.nettbutikk-tmu.no\/xmeetingpoint\/om-oss\/","title":{"rendered":"Om oss"},"content":{"rendered":"\n<p>Historisk sett har X Meeting Point huset mange av de st\u00f8rste messene og eventene i Norge, s\u00e5 som fag-, bransje- og kjedemesser, boligmesser, hyttemesser, bilmesser, og flere.<\/p>\n\n\n\n<p>Fleksibiliteten og serviceinnstillingen i X-universet gj\u00f8r at ogs\u00e5 mindre messer og arrangementer kommer til sin rett.<\/p>\n\n\n\n<p>V\u00e5re to messehaller p\u00e5 henholdsvis 5500 og 7500 m2 kan brukes til alt fra messer, store konferanser og kongresser til TV-produksjoner, konserter og idrettsarrangementer. Vi kan ogs\u00e5 tilby overnatting til arrang\u00f8rer, utstillere og publikum, p\u00e5 v\u00e5rt tilknyttede Marriott-hotell X Hotel.<\/p>\n\n\n\n<p>V\u00e5rt univers gir en komplett ramme for alle kategorier arrangementer. Vi kan tilby det meste \u2013 og tar samtidig med oss erfaringen fra 18 \u00e5r som arena for de st\u00f8rste messer og events. P\u00e5 X Meeting Point er det (nesten) bare fantasien som setter grensene.<\/p>\n\n\n\n<hr class=\"wp-block-separator has-css-opacity\" \/>\n\n\n\n<h3 class=\"wp-block-heading\">Teppe og m\u00f8belutleie AS<\/h3>\n\n\n\n<p>Teppe og m\u00f8belutleie AS leverer tepper, m\u00f8bler og annet utstyr til messer og arrangement, b\u00e5de i privat og bedriftssammenheng.<\/p>\n\n\n\n<p>I dag er vi representert med avdelingskontor i Oslo, Bergen og Stavanger og dekker messer og arrangement i hele landet.<\/p>\n\n\n\n<hr class=\"wp-block-separator has-css-opacity\" \/>\n\n\n\n<h3 class=\"wp-block-heading\">Expolight<\/h3>\n\n\n\n<p>Expolight har v\u00e6rt foretrukket leverand\u00f8r av str\u00f8m og lys i 18 \u00e5r, de holder til p\u00e5 huset og er derfor lett tilgjengelig. De har en stor portef\u00f8lje og har spesialtilpasset utstyr til messer.<\/p>\n\n\n\n<hr class=\"wp-block-separator has-css-opacity\" \/>\n\n\n\n<h3 class=\"wp-block-heading\">X Meeting Point<\/h3>\n\n\n\n<p>X Meeting Point har v\u00e6rt teknisk arrang\u00f8r av messer i mer enn 18 \u00e5r og har de vesentligste produkt du trenger p\u00e5 en messe.<br>Tepper, vegger og tilbeh\u00f8r, samt et lite utvalg m\u00f8bler. Vi leverer alt av mat og drikke til din stand, enten til deg selv eller om du \u00f8nsker \u00e5 servere dine kunder.<\/p>\n","protected":false},"excerpt":{"rendered":"<p>Historisk sett har X Meeting Point huset mange av de st\u00f8rste messene og eventene i Norge, s\u00e5 som fag-, bransje- og kjedemesser, boligmesser, hyttemesser, bilmesser, og flere. Fleksibiliteten og serviceinnstillingen i X-universet gj\u00f8r at ogs\u00e5 mindre messer og arrangementer kommer til sin rett. V\u00e5re to messehaller p\u00e5 henholdsvis 5500 og 7500 m2 kan brukes til [&hellip;]<\/p>\n","protected":false},"author":1,"featured_media":0,"parent":0,"menu_order":0,"comment_status":"closed","ping_status":"closed","template":"","meta":{"_acf_changed":false,"footnotes":""},"class_list":["post-967","page","type-page","status-publish","hentry"],"acf":[],"yoast_head":"<!-- This site is optimized with the Yoast SEO plugin v27.3 - https:\/\/yoast.com\/product\/yoast-seo-wordpress\/ -->\n<title>Om oss - X Meeting Point<\/title>\n<meta name=\"robots\" content=\"noindex, follow, max-snippet:-1, max-image-preview:large, max-video-preview:-1\" \/>\n<meta property=\"og:locale\" content=\"nb_NO\" \/>\n<meta property=\"og:type\" content=\"article\" \/>\n<meta property=\"og:title\" content=\"Om oss - X Meeting Point\" \/>\n<meta property=\"og:description\" content=\"Historisk sett har X Meeting Point huset mange av de st\u00f8rste messene og eventene i Norge, s\u00e5 som fag-, bransje- og kjedemesser, boligmesser, hyttemesser, bilmesser, og flere. Fleksibiliteten og serviceinnstillingen i X-universet gj\u00f8r at ogs\u00e5 mindre messer og arrangementer kommer til sin rett. V\u00e5re to messehaller p\u00e5 henholdsvis 5500 og 7500 m2 kan brukes til [&hellip;]\" \/>\n<meta property=\"og:url\" content=\"https:\/\/www.nettbutikk-tmu.no\/xmeetingpoint\/om-oss\/\" \/>\n<meta property=\"og:site_name\" content=\"X Meeting Point\" \/>\n<meta property=\"article:modified_time\" content=\"2024-04-24T09:18:45+00:00\" \/>\n<meta name=\"twitter:card\" content=\"summary_large_image\" \/>\n<meta name=\"twitter:label1\" content=\"Ansl. lesetid\" \/>\n\t<meta name=\"twitter:data1\" content=\"2 minutter\" \/>\n<script type=\"application\/ld+json\" class=\"yoast-schema-graph\">{\"@context\":\"https:\\\/\\\/schema.org\",\"@graph\":[{\"@type\":\"WebPage\",\"@id\":\"https:\\\/\\\/www.nettbutikk-tmu.no\\\/xmeetingpoint\\\/om-oss\\\/\",\"url\":\"https:\\\/\\\/www.nettbutikk-tmu.no\\\/xmeetingpoint\\\/om-oss\\\/\",\"name\":\"Om oss - X Meeting Point\",\"isPartOf\":{\"@id\":\"https:\\\/\\\/www.nettbutikk-tmu.no\\\/xmeetingpoint\\\/#website\"},\"datePublished\":\"2019-03-12T12:32:25+00:00\",\"dateModified\":\"2024-04-24T09:18:45+00:00\",\"breadcrumb\":{\"@id\":\"https:\\\/\\\/www.nettbutikk-tmu.no\\\/xmeetingpoint\\\/om-oss\\\/#breadcrumb\"},\"inLanguage\":\"nb-NO\",\"potentialAction\":[{\"@type\":\"ReadAction\",\"target\":[\"https:\\\/\\\/www.nettbutikk-tmu.no\\\/xmeetingpoint\\\/om-oss\\\/\"]}]},{\"@type\":\"BreadcrumbList\",\"@id\":\"https:\\\/\\\/www.nettbutikk-tmu.no\\\/xmeetingpoint\\\/om-oss\\\/#breadcrumb\",\"itemListElement\":[{\"@type\":\"ListItem\",\"position\":1,\"name\":\"Hjem\",\"item\":\"https:\\\/\\\/www.nettbutikk-tmu.no\\\/xmeetingpoint\\\/\"},{\"@type\":\"ListItem\",\"position\":2,\"name\":\"Om oss\"}]},{\"@type\":\"WebSite\",\"@id\":\"https:\\\/\\\/www.nettbutikk-tmu.no\\\/xmeetingpoint\\\/#website\",\"url\":\"https:\\\/\\\/www.nettbutikk-tmu.no\\\/xmeetingpoint\\\/\",\"name\":\"X Meeting Point\",\"description\":\"\",\"publisher\":{\"@id\":\"https:\\\/\\\/www.nettbutikk-tmu.no\\\/xmeetingpoint\\\/#organization\"},\"potentialAction\":[{\"@type\":\"SearchAction\",\"target\":{\"@type\":\"EntryPoint\",\"urlTemplate\":\"https:\\\/\\\/www.nettbutikk-tmu.no\\\/xmeetingpoint\\\/?s={search_term_string}\"},\"query-input\":{\"@type\":\"PropertyValueSpecification\",\"valueRequired\":true,\"valueName\":\"search_term_string\"}}],\"inLanguage\":\"nb-NO\"},{\"@type\":\"Organization\",\"@id\":\"https:\\\/\\\/www.nettbutikk-tmu.no\\\/xmeetingpoint\\\/#organization\",\"name\":\"X Meeting Point\",\"url\":\"https:\\\/\\\/www.nettbutikk-tmu.no\\\/xmeetingpoint\\\/\",\"logo\":{\"@type\":\"ImageObject\",\"inLanguage\":\"nb-NO\",\"@id\":\"https:\\\/\\\/www.nettbutikk-tmu.no\\\/xmeetingpoint\\\/#\\\/schema\\\/logo\\\/image\\\/\",\"url\":\"https:\\\/\\\/www.nettbutikk-tmu.no\\\/xmeetingpoint\\\/wp-content\\\/uploads\\\/sites\\\/2\\\/2019\\\/03\\\/cropped-x-meeting-point-norway.png\",\"contentUrl\":\"https:\\\/\\\/www.nettbutikk-tmu.no\\\/xmeetingpoint\\\/wp-content\\\/uploads\\\/sites\\\/2\\\/2019\\\/03\\\/cropped-x-meeting-point-norway.png\",\"width\":1705,\"height\":546,\"caption\":\"X Meeting Point\"},\"image\":{\"@id\":\"https:\\\/\\\/www.nettbutikk-tmu.no\\\/xmeetingpoint\\\/#\\\/schema\\\/logo\\\/image\\\/\"}}]}<\/script>\n<!-- \/ Yoast SEO plugin. -->","yoast_head_json":{"title":"Om oss - X Meeting Point","robots":{"index":"noindex","follow":"follow","max-snippet":"max-snippet:-1","max-image-preview":"max-image-preview:large","max-video-preview":"max-video-preview:-1"},"og_locale":"nb_NO","og_type":"article","og_title":"Om oss - X Meeting Point","og_description":"Historisk sett har X Meeting Point huset mange av de st\u00f8rste messene og eventene i Norge, s\u00e5 som fag-, bransje- og kjedemesser, boligmesser, hyttemesser, bilmesser, og flere. Fleksibiliteten og serviceinnstillingen i X-universet gj\u00f8r at ogs\u00e5 mindre messer og arrangementer kommer til sin rett. V\u00e5re to messehaller p\u00e5 henholdsvis 5500 og 7500 m2 kan brukes til [&hellip;]","og_url":"https:\/\/www.nettbutikk-tmu.no\/xmeetingpoint\/om-oss\/","og_site_name":"X Meeting Point","article_modified_time":"2024-04-24T09:18:45+00:00","twitter_card":"summary_large_image","twitter_misc":{"Ansl. lesetid":"2 minutter"},"schema":{"@context":"https:\/\/schema.org","@graph":[{"@type":"WebPage","@id":"https:\/\/www.nettbutikk-tmu.no\/xmeetingpoint\/om-oss\/","url":"https:\/\/www.nettbutikk-tmu.no\/xmeetingpoint\/om-oss\/","name":"Om oss - X Meeting Point","isPartOf":{"@id":"https:\/\/www.nettbutikk-tmu.no\/xmeetingpoint\/#website"},"datePublished":"2019-03-12T12:32:25+00:00","dateModified":"2024-04-24T09:18:45+00:00","breadcrumb":{"@id":"https:\/\/www.nettbutikk-tmu.no\/xmeetingpoint\/om-oss\/#breadcrumb"},"inLanguage":"nb-NO","potentialAction":[{"@type":"ReadAction","target":["https:\/\/www.nettbutikk-tmu.no\/xmeetingpoint\/om-oss\/"]}]},{"@type":"BreadcrumbList","@id":"https:\/\/www.nettbutikk-tmu.no\/xmeetingpoint\/om-oss\/#breadcrumb","itemListElement":[{"@type":"ListItem","position":1,"name":"Hjem","item":"https:\/\/www.nettbutikk-tmu.no\/xmeetingpoint\/"},{"@type":"ListItem","position":2,"name":"Om oss"}]},{"@type":"WebSite","@id":"https:\/\/www.nettbutikk-tmu.no\/xmeetingpoint\/#website","url":"https:\/\/www.nettbutikk-tmu.no\/xmeetingpoint\/","name":"X Meeting Point","description":"","publisher":{"@id":"https:\/\/www.nettbutikk-tmu.no\/xmeetingpoint\/#organization"},"potentialAction":[{"@type":"SearchAction","target":{"@type":"EntryPoint","urlTemplate":"https:\/\/www.nettbutikk-tmu.no\/xmeetingpoint\/?s={search_term_string}"},"query-input":{"@type":"PropertyValueSpecification","valueRequired":true,"valueName":"search_term_string"}}],"inLanguage":"nb-NO"},{"@type":"Organization","@id":"https:\/\/www.nettbutikk-tmu.no\/xmeetingpoint\/#organization","name":"X Meeting Point","url":"https:\/\/www.nettbutikk-tmu.no\/xmeetingpoint\/","logo":{"@type":"ImageObject","inLanguage":"nb-NO","@id":"https:\/\/www.nettbutikk-tmu.no\/xmeetingpoint\/#\/schema\/logo\/image\/","url":"https:\/\/www.nettbutikk-tmu.no\/xmeetingpoint\/wp-content\/uploads\/sites\/2\/2019\/03\/cropped-x-meeting-point-norway.png","contentUrl":"https:\/\/www.nettbutikk-tmu.no\/xmeetingpoint\/wp-content\/uploads\/sites\/2\/2019\/03\/cropped-x-meeting-point-norway.png","width":1705,"height":546,"caption":"X Meeting Point"},"image":{"@id":"https:\/\/www.nettbutikk-tmu.no\/xmeetingpoint\/#\/schema\/logo\/image\/"}}]}},"lang":"nb","translations":{"nb":967,"en":969},"featured_image_src":null,"featured_image_src_square":null,"pll_sync_post":[],"_links":{"self":[{"href":"https:\/\/www.nettbutikk-tmu.no\/xmeetingpoint\/wp-json\/wp\/v2\/pages\/967","targetHints":{"allow":["GET"]}}],"collection":[{"href":"https:\/\/www.nettbutikk-tmu.no\/xmeetingpoint\/wp-json\/wp\/v2\/pages"}],"about":[{"href":"https:\/\/www.nettbutikk-tmu.no\/xmeetingpoint\/wp-json\/wp\/v2\/types\/page"}],"author":[{"embeddable":true,"href":"https:\/\/www.nettbutikk-tmu.no\/xmeetingpoint\/wp-json\/wp\/v2\/users\/1"}],"replies":[{"embeddable":true,"href":"https:\/\/www.nettbutikk-tmu.no\/xmeetingpoint\/wp-json\/wp\/v2\/comments?post=967"}],"version-history":[{"count":2,"href":"https:\/\/www.nettbutikk-tmu.no\/xmeetingpoint\/wp-json\/wp\/v2\/pages\/967\/revisions"}],"predecessor-version":[{"id":5527,"href":"https:\/\/www.nettbutikk-tmu.no\/xmeetingpoint\/wp-json\/wp\/v2\/pages\/967\/revisions\/5527"}],"wp:attachment":[{"href":"https:\/\/www.nettbutikk-tmu.no\/xmeetingpoint\/wp-json\/wp\/v2\/media?parent=967"}],"curies":[{"name":"wp","href":"https:\/\/api.w.org\/{rel}","templated":true}]}}